e factors of t(-1)?
3, 19
Let y = 42 - 13. Let i = 55 - y. What are the prime factors of i?
2, 13
Let s(d) = d**2 - 7*d - 15. Suppose 6*r - 152 - 160 = 0. Suppose -r = -8*t + 20. What are the prime factors of s(t)?
3
Let l = 4284 + -1851. List the prime factors of l.
3, 811
Suppose -4*w + 7*w = 660. Suppose 0 = 2*o - 0*o - 2*x - w, -o + 116 = x. List the prime factors of o.
113
What are the prime factors of 85 + (-6 - -1) - 4?
2, 19
Let z(o) = -o**2 - 22*o - 19. Let j be z(-18). Suppose 0 = 5*t + 82 + j. Let l = -24 - t. What are the prime factors of l?
3
Let b(u) = -u**2 + 20*u + 47. Let n be b(22). Let g(m) = -1 + 2 + 1 + 12*m. List the prime factors of g(n).
2, 19
Let m = 44 - 40. Suppose -2*n = -4*n - 2*y + 378, m*n - 801 = 5*y. What are the prime factors of n?
2, 97
What are the prime factors of ((-60)/(-36))/((-2)/(-1308))?
2, 5, 109
Suppose 1245 + 1632 = s. List the prime factors of s.
3, 7, 137
Let v = 11 + -3. Suppose 4*u + 117 = 5*h + v*u, -h + 19 = 3*u. Suppose -k - 4 + h = 0. List the prime factors of k.
3, 7
Let q(l) = l**3 + 8*l**2 - 2*l - 11. Let v be q(-8). Suppose 0*a + v*k - 157 = -2*a, -5*a + 4*k + 343 = 0. List the prime factors of a.
71
Let b(q) be the second derivative of 3*q**4/4 - q**3/3 + q**2/2 - 25*q. List the prime factors of b(-2).
41
Let v be ((-6)/(-4))/(3/4). Let m(r) = r**2 + 6*r - 4. Let k be m(-7). Suppose -k*y + v + 1 = 0, 3*y = -2*q + 43. What are the prime factors of q?
2, 5
Suppose 0 = -4*s - 35 + 179. Suppose 0 = -2*y + 3*j + 8, -s = -4*y + j - 5*j. What are the prime factors of y?
7
What are the prime factors of 61 + (3/(-2) - 1/(-2))?
2, 3, 5
Suppose 14*w = -7*w + 18942. List the prime factors of w.
2, 11, 41
Suppose 0 = 7*s - 188 - 372. Let r = s - -157. What are the prime factors of r?
3, 79
Let z = 14 + -9. Suppose -102 - z = -t. What are the prime factors of t?
107
Let r(x) = -5*x + 45. Let s be r(9). Suppose 11*w - 4*w - 840 = s. What are the prime factors of w?
2, 3, 5
Suppose 13*t - 130 = 11*t. What are the prime factors of t?
5, 13
Let f = -41 - -55. Suppose 2049 = f*q - 975. What are the prime factors of q?
2, 3
Let l = 49 + -46. Suppose -4*z + 4*h + 191 = 5*h, l*h + 211 = 4*z. List the prime factors of z.
7
Let i(y) = -4*y + 4. Let s be i(17). Let b = s - -72. What are the prime factors of b?
2
What are the prime factors of (438/(-1))/(48/(-32))?
2, 73
Suppose 0 = 3*g - g - 4. Suppose g*x + 3*x = 0. Suppose 0 = -s - x*s + 3*v + 19, 4*s - 60 = 4*v. What are the prime factors of s?
13
Let b = -184 - -195. Let m(o) = 12*o - 3 - 6*o**3 + 3*o**3 + 2*o**3 + 10*o**2. What are the prime factors of m(b)?
2
Suppose -3*v + 70 = -5*k + 15, k = 5*v - 33. Let a be 47/3 - k/(-12). Let p(o) = -o**3 + 15*o**2 + 9. List the prime factors of p(a).
3
Suppose 4*v + 0*c + 5*c = -59, -3 = -3*c. Let d = 12 + v. What are the prime factors of 4/(-2 + (0 - d))?
2
Suppose -5*x = n - 18, x - n = 3 + 3. Suppose 0 = 5*g + x*o - 9*o - 1275, -763 = -3*g + 4*o. What are the prime factors of g?
257
Let d be (-8)/16 - 6/(-4). Let k(q) = 100*q**2 + 2*q - 1. What are the prime factors of k(d)?
101
Suppose 3*c - 4 = -3*z + 5, -4*c = -4*z + 52. Let w = z + -5. Suppose -4*k = -5*y - k + 202, 0 = w*y - 2*k - 121. List the prime factors of y.
41
Suppose d = 14*d + 195. Let x(k) = k**3 + 17*k**2 + 13*k - 14. List the prime factors of x(d).
241
Suppose 3*x + 3 = 9. Suppose 3*k + 482 = 5*z - k, -x*z + 197 = -3*k. What are the prime factors of z?
2, 47
Let g = -20 - -27. Suppose g = 4*m - 17. Suppose m*z = 2*z + 16. List the prime factors of z.
2
Let a be (13/((-325)/(-30)))/(4/(-10)). List the prime factors of (620/(-15))/(2/a).
2, 31
Suppose 1098 - 4082 = -8*s. Let h = s + -176. List the prime factors of h.
197
Let p = 27 - 24. Suppose -h - 24 = -4*m + h, -4*m = p*h - 14. Suppose -3*v + m*b + 83 = 0, -4*v + 4*b - 52 = -168. What are the prime factors of v?
31
Let n(v) = -8 + v + 23 + 15*v. What are the prime factors of n(9)?
3, 53
Let j(v) = -2*v + 1. Let q(f) = -4*f - 5. Let r(o) = -4*j(o) - q(o). What are the prime factors of r(6)?
73
Let c be (-40)/(-6) + (-18)/27. Let v be 38/c - 14/(-21). Suppose h - 5*g = v, -3*h + 21 = 5*g - 0. List the prime factors of h.
7
Let d(y) be the first derivative of y**2 + 33*y - 5. List the prime factors of d(19).
71
Let r(o) = 293*o + 894. List the prime factors of r(7).
5, 19, 31
Suppose -42*o + 33*o = -5967. What are the prime factors of o?
3, 13, 17
What are the prime factors of 203 - 1/2*4?
3, 67
Let z = -30 + 55. Suppose 6*p - z = 257. List the prime factors of p.
47
Suppose 30*v = 3382 + 7718. What are the prime factors of v?
2, 5, 37
Let p be 36/48 + 317*2/8. Let y = 2 - -2. Suppose -y*b = b - p. What are the prime factors of b?
2
Let a be (-3 - -1) + 0 + 1 + -11. List the prime factors of (a/8)/(-2 - (-87)/48).
2
Suppose 0 = -0*k - k + 2*k. List the prime factors of (9 - 7 - k)/((-2)/(-146)).
2, 73
Suppose -1250 = -3*u - 4*z, -5*u = -3*z - 0*z - 2093. What are the prime factors of u?
2, 11, 19
Let f be (-2)/(-10) - (-239)/5. Suppose 5*a = a + f. Suppose 0 = 2*d + n - 47 - a, 39 = 2*d + 5*n. What are the prime factors of d?
2
Let f = 0 - -5. Suppose 4 = -j, f*v + 6 = -j + 62. List the prime factors of -3*((-208)/v - 1).
5, 11
Let w be 56/(-35) - (-6)/(-15). List the prime factors of (19 - 4)*(w + 4).
2, 3, 5
Let n be 0/11 - 2*1. Let f be (-5 + 4 - n)*-1. What are the prime factors of (f - (-20)/6)*27?
3, 7
Suppose -51*r + 101*r - 88150 = 0. List the prime factors of r.
41, 43
Let z = -134 + 544. What are the prime factors of z?
2, 5, 41
Suppose -3*v + 2*u = u - 64, -25 = -5*u. Let h = 51 - v. List the prime factors of h.
2, 7
Suppose -2*w = -4*w - 12. Let x = w - -18. Suppose -2*s = -x + 2. List the prime factors of s.
5
Suppose -z + 495 = -830. List the prime factors of z.
5, 53
Let k be 3 + (-8)/(3 + 1). Let d be (4 + 1)*k/1. Suppose -28 = -d*y + 4*y. List the prime factors of y.
2, 7
Let u = -3 - -5. Suppose u*p - 63 = 23. What are the prime factors of p?
43
List the prime factors of -226*(119/(-14) + -3).
23, 113
Let r = 767 - 523. List the prime factors of r.
2, 61
Suppose -3*m + 1112 = 2*y, -3*y + 2*m + m = -1668. What are the prime factors of y?
2, 139
Suppose 0 = -4*q - 4*m + 624, -2*q + 2*m - 6 = -298. List the prime factors of q.
151
Suppose -j = -2*f - 9, -5*j - 28 = 3*f + 18. Let p(m) = -m**3 - 7*m**2 - 6*m + 9. List the prime factors of p(f).
3, 17
Let r be 118 + 0 + 12 + -17. Let z = r - -96. What are the prime factors of z?
11, 19
Let a = 2 + -4. Let t = 4 + a. Suppose -t*u + v + 61 = 0, -4*v = v + 5. What are the prime factors of u?
2, 3, 5
Let x = 17 + 10. Suppose -x = -7*a + 6*a. List the prime factors of a.
3
Let f(k) = 51*k - 91. List the prime factors of f(14).
7, 89
What are the prime factors of (9 + 11730)/3 - 4?
3, 1303
Let f(a) = -a**3 - 4*a**2 + 5*a + 3. Let z be (-162)/21 + (-4)/14. Let h = 2 + z. List the prime factors of f(h).
3, 5
Let q = -20 + 22. Let p be ((-2)/5)/(q/(-70)). Let z(v) = -v**3 + 13*v**2 + 16*v + 3. List the prime factors of z(p).
31
Let k(b) = -b**3 - 41*b**2 - 3*b + 84. List the prime factors of k(-43).
3911
Let y(z) be the first derivative of z**4/4 - z**3 - 5*z**2 + 7*z + 10. List the prime factors of y(6).
5, 11
Let h = 3 - -1. Let k be 8/(2/4*h). Suppose k*c = -p + 25, -5*p + 65 = -3*c - 37. List the prime factors of p.
3, 7
Suppose 5*m - 36 = -3*v + 3*m, -19 = -2*v - 3*m. Suppose j + 8 = 2*c, 2*j - 4*c = 5*j + v. Let s(f) = -f**3 - 5*f**2 + 6*f + 3. List the prime factors of s(j).
3
Let y = -135 - -71. Let h = y - -76. List the prime factors of h.
2, 3
Suppose -68*s = -158264 - 90820. What are the prime factors of s?
3, 11, 37
List the prime factors of (-6 - -2)*3/(-12) + 373.
2, 11, 17
Let g(p) = -7*p + 70. Let i be g(0). Suppose -6*u = -u - 70. Let o = i - u. What are the prime factors of o?
2, 7
Let t be ((-2)/4)/(3/(-6)). What are the prime factors of (1/(-4))/t*-116?
29
Let t = -205 - -337. Suppose -2*b - 30 = 4*w - 210, 3*w + 3*b - t = 0. Let u = -20 + w. What are the prime factors of u?
2, 13
Suppose 0 = -6*a + 10*a - 44. Let b(k) = -k**3 + 10*k**2 + 18*k - 17. List the prime factors of b(a).
2, 3, 5
Suppose -22*a - 981 = -31*a. List the prime factors of a.
109
Let u be (-105)/2*8/(-5). Let o be u - (2 + (0 - 0)). Suppose 0 = 5*m